11210?
111001112021
In base 8, what is 3626 + -210?
3416
In base 11, what is -18 - 222?
-23a
In base 13, what is -9594 - 5?
-9599
In base 14, what is -5 + -11502?
-11507
In base 6, what is 1411220 - 3?
1411213
In base 7, what is -34 + -125310?
-125344
In base 16, what is -31ff + 55?
-31aa
In base 11, what is -54 + 532?
489
In base 3, what is -20 + 101000100?
101000010
In base 5, what is 2240 - -10?
2300
In base 4, what is -213002101 + -3?
-213002110
In base 3, what is 2 - -11012002212?
11012002221
In base 3, what is -20002111 + -12?
-20002200
In base 16, what is -10c0f - -26?
-10be9
In base 7, what is -1 - -55540?
55536
In base 15, what is -63d6 - 1?
-63d7
In base 13, what is -605 - -171a?
1115
In base 16, what is 32 + 96e?
9a0
In base 5, what is -44240 - 4?
-44244
In base 6, what is -351 - -441525?
441134
In base 9, what is -1 - -6275?
6274
In base 5, what is -10 + 41013?
41003
In base 12, what is -b16b + 23?
-b148
In base 16, what is -316 - 3e8?
-6fe
In base 11, what is 2 + -2408?
-2406
In base 11, what is 7 - 73a2?
-7396
In base 9, what is -5 + 11502?
11486
In base 3, what is 110 + 211000012?
211000122
In base 6, what is -1412415 - 4?
-1412423
In base 16, what is 232fc3 - -5?
232fc8
In base 9, what is 764 - -408?
1273
In base 8, what is 4 + 4656?
4662
In base 11, what is -97a + 2a7?
-683
In base 9, what is 38 + 65355?
65404
In base 6, what is -21412 + 3003?
-14405
In base 12, what is 1b948 - 0?
1b948
In base 10, what is 260 - 49?
211
In base 7, what is 0 + -3212321?
-3212321
In base 15, what is 8 - -113e2?
113ea
In base 11, what is -12 - 100355?
-100367
In base 4, what is 232 - 211233?
-211001
In base 11, what is -26 + 456?
430
In base 13, what is 5b806 + 10?
5b816
In base 7, what is -6 - 106354?
-106363
In base 7, what is 21 + -536?
-515
In base 9, what is -81 - -665?
574
In base 6, what is -313 - 1441?
-2154
In base 8, what is -5 - -1365252?
1365245
In base 7, what is -5532121 + 2?
-5532116
In base 3, what is -1012220002 + 1101?
-1012211201
In base 12, what is -3 + -a638?
-a63b
In base 13, what is -2554 + 6?
-254b
In base 6, what is 113551 + -220?
113331
In base 11, what is 3 - -14332a?
143332
In base 11, what is -2610 + -3?
-2613
In base 12, what is -3 - 1aab8?
-1aabb
In base 15, what is -5 + 4e9c?
4e97
In base 10, what is 166 + 1321?
1487
In base 6, what is -25 + 104314?
104245
In base 9, what is -4317 - -773?
-3434
In base 13, what is -162 + 1210?
107b
In base 16, what is 2e - 7fd?
-7cf
In base 3, what is -2110 + -1012001?
-1021111
In base 11, what is -a25a + -3?
-a262
In base 13, what is -4 + 8b57?
8b53
In base 11, what is 14 - -13376?
1338a
In base 7, what is 20604 + -10?
20564
In base 15, what is -114 - -1a1?
8c
In base 3, what is 2202 + -1222010002?
-1222000100
In base 12, what is 16 - -179b6?
17a10
In base 4, what is 22020 + 1132?
23212
In base 5, what is -412432 + -121?
-413103
In base 11, what is -1 - 12a96a?
-12a970
In base 11, what is 17 - 5411?
-53a5
In base 12, what is 9036 + 0?
9036
In base 6, what is -1125345 - 1?
-1125350
In base 5, what is 20104 - -1124?
21233
In base 11, what is 16911 - -1?
16912
In base 11, what is -8 + 4517?
450a
In base 13, what is b180 - -6?
b186
In base 14, what is 4 + 308a?
3090
In base 15, what is 102 + -8?
e9
In base 3, what is -101 + -1220012?
-1220120
In base 7, what is 51110 - 4?
51103
In base 14, what is 11 + -2342?
-2331
In base 15, what is c12c9 - -1?
c12ca
In base 11, what is 1a29 - 79?
1960
In base 7, what is 533 + -654?
-121
In base 6, what is 20 - -32303?
32323
In base 4, what is 3320 - 3020001?
-3010021
In base 11, what is 339a9 + -5?
339a4
In base 8, what is -24371 - -266?
-24103
In base 11, what is 3 + -150132?
-15012a
In base 8, what is 5 + 217622?
217627
In base 8, what is -2 + 323651?
323647
In base 5, what is 220130 + 1221?
221401
In base 12, what is -6789b - 13?
-678b2
In base 11, what is -1892 - 369?
-2150
In base 16, what is 9497 + -1b?
947c
In base 13, what is 2b1b2 - -1?
2b1b3
In base 6, what is 11135 + -5120?
2015
In base 10, what is -4 + 8301?
8297
In base 7, what is 164030 + 0?
164030
In base 15, what is -24 + 407c?
4058
In base 16, what is 44d5 + -52?
4483
In base 7, what is 1015533 - -22?
1015555
In base 4, what is -32310200131 + 1?
-32310200130
In base 15, what is 1e - -426d8?
42707
In base 7, what is -5004 - 30?
-5034
In base 5, what is 3334031 + -4?
3334022
In base 5, what is 12 + 11302043?
11302110
In base 7, what is -15060 - 5?
-15065
In base 7, what is 4 - -1246111?
1246115
In base 12, what is 661 - -4b?
6b0
In base 12, what is -5 + 301b93?
301b8a
In base 2, what is 10001111100000 - 11101001?
10001011110111
In base 16, what is 133de + -3d?
133a1
In base 13, what is 2 + 58c1?
58c3
In base 12, what is 2231 + 0?
2231
In base 5, what is -42424 - 2430?
-100404
In base 7, what is -21444 - -16?
-21425
In base 5, what is -2430243431 + 10?
-2430243421
In base 4, what is -130221 - 322?
-131203
In base 4, what is 101331 + 2000?
103331
In base 15, what is -1 + -12379?
-1237a
In base 9, what is -31257 + -6?
-31264
In base 5, what is -13241302 - -12?
-13241240
In base 16, what is -5d1f - 5a?
-5d79
In base 11, what is -5 + -25800?
-25805
In base 5, what is -204 + -2231?
-2440
In base 4, what is -12 - -102220321?
102220303
In base 4, what is 1220010132 - -1?
1220010133
In base 11, what is -5a50a + 4?
-5a506
In base 9, what is -8825 + -28?
-8854
In base 4, what is -100 + -10103?
-10203
In base 3, what is 21 + 2000112212?
2000120010
In base 3, what is 222 - -121102020?
121110012
In base 6, what is -211330 + 5?
-211321
In base 2, what is 1000 + -1010000111101110?
-1010000111100110
In base 9, what is -2123 - 32?
-2155
In base 3, what is -1 + -221102222?
-221110000
In base 13, what is -4 - 21326?
-2132a
In base 13, what is 13 + -c636?
-c623
In base 12, what is -47ab4 + -45?
-47b39
In base 12, what is -7b21b4 + -4?
-7b21b8
In base 16, what is 8 + -446?
-43e
In base 12, what is 2 - 92594?
-92592
In base 13, what is 2 + -5898?
-5896
In base 10, what is 6 - 928?
-922
In base 12, what is -295 + -187?
-460
In base 8, what is -7413 - -567?
-6624
In base 12, what is -238 + -301?
-539
In base 6, what is 53205555 + 2?
53210001
In base 3, what is 2 + -101122100112?
-101122100110
In base 2, what is -1 - -100000100100011110?
100000100100011101
In base 4, what is -10 - 3221032?
-3221102
In base 8, what is 10 - 445?
-435
In base 2, what is 11000111111 - 10010010111?
110101000
In base 14, what is 990c + -4?
9908
In base 4, what is -3320000 - -32?
-3313302
In base 12, what is 117 + 134?
24b
In base 13, what is -11b0 - -8?
-11a5
In base 14, what is -6dcb8 - -4?
-6dcb4
In base 15, what is 0 + 787c?
787c
In base 8, what is -2145 - 16?
-2163
In base 13, what is -1aa4 + -c?
-1ab3
In base 12, what is -b7088 - -4?
-b7084
In base 7, what is -30051 + -41?
-30122
In base 15, what is 5483 + -e?
5474
In base 13, what is 4 + -1665c?
-16658
In base 8, what is 1403 + 532?
2135
In base 8, what is -5214 - 17?
-5233
In base 12, what is -9a - 102b0?
-1038a
In base 4, what is -103 - 220012100?
-220012203
In base 14, what is -55 - 12bb?
-1332
In base 6, what is 154 - -525?
1123
In base 12, what is -66 + -8502?
-8568
In base 3, what is 0 + 1020111002102?
1020111002102
In base 7, what is 102060 - -2?
102062
In base 8, what is 0 - 34135?
-34135
In base 12, what is -1a - 4011?
-402b
In base 15, what is 3 + 122ea?
122ed
In base 15, what is 6 - 12406?
-12400
In base 10, what is -2525433 + -1?
-2525434
In base 7, what is -116232 + -11?
-116243
In base 2, what is 101110110110100 + -101110?
101110110000110
In base 3, what is 112 + -1121220120?
-1121220001
In base 10, what is -116 - 181?
-297
In base 2, what is -1100 - 101110110101010?
-101110110110110
In base 12, what is 7 - 268409?
-268402
In base 12, what is 29aa3b - 2?
29aa39
In base 15, what is -4c3c - -2?
-4c3a
In base 4, what is 1003220 + -20?
1003200
In base 10, what is -3809183 + -2?
-3809185
In base 6, what is 403054 + 110?
403204
In base 8, what is 360666 - -61?
360747
In base 15, what is -4 + -3534?
-3538
In base 12, what is -2b112 + -5?
-2b117
In base 15, what is -1ed - 15c?
-35a
In base 5, what is 111 + 104013?
104124
In base 14, what is -b92b8 + -2?
-b92ba
In base 10, what is -1227731 + -3?
-1227734
In base 13, what is -98 + -bc7?
-c92
In base 9, what is -36 - 